ctors of 280923.
3, 29, 3229
List the prime factors of 14265741.
3, 7, 79, 8599
What are the prime factors of 20169228?
2, 3, 733, 2293
List the prime factors of 609943.
17, 35879
What are the prime factors of 162887?
19, 8573
What are the prime factors of 1086929?
17, 3761
List the prime factors of 645495.
3, 5, 23, 1871
What are the prime factors of 24428835?
3, 5, 619, 877
List the prime factors of 289878.
2, 3, 48313
List the prime factors of 457381.
457381
What are the prime factors of 443312?
2, 103, 269
What are the prime factors of 82603?
17, 43, 113
List the prime factors of 3194228.
2, 41, 19477
List the prime factors of 4492967.
79, 56873
What are the prime factors of 3462202?
2, 199, 8699
List the prime factors of 658487.
658487
What are the prime factors of 274944?
2, 3, 179
What are the prime factors of 20361099?
3, 11, 67, 9209
What are the prime factors of 1346019?
3, 409, 1097
What are the prime factors of 364983?
3, 121661
What are the prime factors of 693862?
2, 13, 26687
What are the prime factors of 196485?
3, 5, 13099
List the prime factors of 7286372.
2, 449, 4057
List the prime factors of 252412.
2, 63103
What are the prime factors of 691649?
7, 98807
What are the prime factors of 445022?
2, 222511
List the prime factors of 8284616.
2, 241, 4297
List the prime factors of 9618506.
2, 4809253
What are the prime factors of 75638?
2, 59, 641
What are the prime factors of 110082?
2, 3, 7, 2621
What are the prime factors of 333972?
2, 3, 9277
List the prime factors of 2613762.
2, 3, 97, 499
What are the prime factors of 991277?
7, 23, 47, 131
List the prime factors of 7876686.
2, 3, 61, 21521
What are the prime factors of 185602?
2, 92801
List the prime factors of 366663.
3, 11, 41, 271
List the prime factors of 114338.
2, 7, 8167
What are the prime factors of 7106697?
3, 13, 17, 397
What are the prime factors of 390016?
2, 11, 277
What are the prime factors of 1003960?
2, 5, 19, 1321
List the prime factors of 314957.
314957
List the prime factors of 8119234.
2, 17, 238801
List the prime factors of 2691906.
2, 3, 7, 107, 599
What are the prime factors of 16151851?
2753, 5867
List the prime factors of 11175880.
2, 5, 279397
What are the prime factors of 1946788?
2, 486697
List the prime factors of 9360060.
2, 3, 5, 73, 2137
What are the prime factors of 2747177?
2747177
List the prime factors of 139955.
5, 23, 1217
List the prime factors of 293219.
29, 10111
What are the prime factors of 4247411?
7, 43, 103, 137
List the prime factors of 186928.
2, 7, 1669
What are the prime factors of 147198?
2, 3, 24533
List the prime factors of 567969.
3, 83, 2281
What are the prime factors of 20738766?
2, 3, 19, 181919
What are the prime factors of 609893?
587, 1039
What are the prime factors of 22975787?
239, 251, 383
What are the prime factors of 4223119?
443, 9533
List the prime factors of 22485546.
2, 3, 416399
What are the prime factors of 1118666?
2, 31, 18043
What are the prime factors of 22196274?
2, 3, 3699379
List the prime factors of 1219323.
3, 7, 31, 1873
List the prime factors of 180780.
2, 3, 5, 23, 131
What are the prime factors of 13680637?
13680637
What are the prime factors of 182604?
2, 3, 15217
What are the prime factors of 600370?
2, 5, 60037
List the prime factors of 1626856.
2, 7, 11, 19, 139
What are the prime factors of 368988?
2, 3, 97, 317
What are the prime factors of 4750818?
2, 3, 791803
What are the prime factors of 4035873?
3, 79, 17029
What are the prime factors of 261415?
5, 7, 11, 97
What are the prime factors of 154154?
2, 7, 11, 13
What are the prime factors of 3623027?
53, 197, 347
List the prime factors of 381529.
381529
What are the prime factors of 5977128?
2, 3, 37, 53, 127
What are the prime factors of 1133937?
3, 7, 41, 439
What are the prime factors of 6977951?
29, 71, 3389
List the prime factors of 21681754.
2, 10840877
List the prime factors of 2886862.
2, 11, 131221
List the prime factors of 45232.
2, 11, 257
List the prime factors of 2160382.
2, 7, 154313
What are the prime factors of 129352?
2, 19, 23, 37
List the prime factors of 1679545.
5, 7, 47, 1021
What are the prime factors of 2194443?
3, 19, 41, 313
What are the prime factors of 569427?
3, 347, 547
List the prime factors of 6182276.
2, 1545569
List the prime factors of 9219454.
2, 4609727
What are the prime factors of 5015424?
2, 3, 37, 353
What are the prime factors of 228401?
37, 6173
List the prime factors of 399527.
399527
What are the prime factors of 21235360?
2, 5, 132721
List the prime factors of 407847.
3, 11, 17, 727
What are the prime factors of 2209124?
2, 67, 8243
List the prime factors of 1735782.
2, 3, 289297
What are the prime factors of 545567?
11, 49597
List the prime factors of 2567696.
2, 160481
What are the prime factors of 1068997?
19, 56263
List the prime factors of 575586.
2, 3, 11, 17, 19
What are the prime factors of 6571768?
2, 7, 117353
What are the prime factors of 2533745?
5, 19, 149, 179
What are the prime factors of 223576?
2, 27947
What are the prime factors of 175800?
2, 3, 5, 293
List the prime factors of 1688562.
2, 3, 93809
What are the prime factors of 606763?
23, 31, 37
What are the prime factors of 7587947?
487, 15581
List the prime factors of 3088813.
7, 13, 373
List the prime factors of 11536064.
2, 17, 23, 461
List the prime factors of 66576.
2, 3, 19, 73
What are the prime factors of 4726101?
3, 29, 54323
List the prime factors of 22019937.
3, 2087, 3517
List the prime factors of 485777.
485777
What are the prime factors of 578726?
2, 23, 547
What are the prime factors of 14384658?
2, 3, 613, 3911
List the prime factors of 7462965.
3, 5, 389, 1279
What are the prime factors of 1154681?
11, 104971
List the prime factors of 570659.
570659
List the prime factors of 1304030.
2, 5, 7, 13, 1433
What are the prime factors of 351681?
3, 11, 10657
What are the prime factors of 37212?
2, 3, 7, 443
List the prime factors of 3218879.
109, 29531
List the prime factors of 249402.
2, 3, 197, 211
What are the prime factors of 181027?
7, 11, 2351
What are the prime factors of 199919?
31, 6449
What are the prime factors of 1694917?
7, 17, 14243
List the prime factors of 1327217.
1327217
List the prime factors of 754067.
754067
What are the prime factors of 70994?
2, 7, 11, 461
List the prime factors of 812020.
2, 5, 11, 3691
List the prime factors of 11998672.
2, 7, 149, 719
What are the prime factors of 304137?
3, 47, 719
List the prime factors of 480070.
2, 5, 61, 787
List the prime factors of 187008.
2, 3, 487
What are the prime factors of 314423?
314423
What are the prime factors of 46429?
29, 1601
List the prime factors of 103635.
3, 5, 7, 47
What are the prime factors of 7954136?
2, 23, 139, 311
List the prime factors of 1442088.
2, 3, 20029
What are the prime factors of 265139?
7, 773
List the prime factors of 1392536.
2, 174067
What are the prime factors of 2472020?
2, 5, 123601
What are the prime factors of 1376908?
2, 13, 26479
List the prime factors of 6323841.
3, 421, 1669
What are the prime factors of 76892?
2, 47, 409
What are the prime factors of 2320207?
2320207
List the prime factors of 34269.
3, 11423
What are the prime factors of 697709?
37, 109, 173
What are the prime factors of 8407690?
2, 5, 17, 19, 137
List the prime factors of 1539431.
233, 6607
What are the prime factors of 956763?
3, 106307
List the prime factors of 461293.
7, 65899
List the prime factors of 8844887.
37, 277, 863
List the prime factors of 6641500.
2, 5, 37, 359
What are the prime factors of 147342?
2, 3, 13, 1889
What are the prime factors of 1797773?
1797773
What are the prime factors of 70542?
2, 3, 3919
What are the prime factors of 755913?
3, 251971
What are the prime factors of 3222970?
2, 5, 19, 16963
What are the prime factors of 778450?
2, 5, 15569
What are the prime factors of 81252?
2, 3, 37, 61
List the prime factors of 7183606.
2, 67, 53609
List the prime factors of 256918.
2, 19, 6761
What are the prime factors of 12848170?
2, 5, 41, 31337
List the prime factors of 454006.
2, 7, 32429
What are the prime factors of 4987727?
433, 11519
What are the prime factors of 3660320?
2, 5, 22877
What are the prime factors of 17810913?
3, 467, 12713
What are the prime factors of 88486?
2, 151, 293
List the pr